f x.
5
Let u(j) = j - 4 - 4 + 9*j**2 - 9. What are the prime factors of u(-4)?
3, 41
What are the prime factors of 8/(-8) + 382 + -2?
379
Let s = 2501 + -1171. What are the prime factors of s?
2, 5, 7, 19
Suppose -v + 91 + 416 = 0. What are the prime factors of v?
3, 13
Let j = -2132 - -2180. List the prime factors of j.
2, 3
Suppose 2*g + g = s + 488, 4*s = 4*g - 664. List the prime factors of g.
7, 23
Let q(y) = -y**2 - 4*y + 3. Suppose -r + 3*r = -8. Let s be q(r). Suppose s*m = -2*m + 125. List the prime factors of m.
5
Let n be (6/(36/(-14)))/((-2)/36). Suppose -3*k - 2*q + 537 = 0, 2*q = k - 129 - n. List the prime factors of k.
3, 59
Let w(t) = t**2 - 11*t. Let a be w(11). Suppose 18*i - 17*i - 69 = a. What are the prime factors of i?
3, 23
Suppose 3*y = 5*z - 9, 0*y + 5 = -2*y + 3*z. Suppose -3 = y*f - f. List the prime factors of 4 + 0 - 3 - f.
2
Let b(y) = -2*y**3 - 79*y**2 - 8*y + 36. List the prime factors of b(-40).
2, 3, 163
Let p be 1/2 - 207/(-6). Let r be (-2)/10 + 112/p. What are the prime factors of 18 + r + -2 + -2?
17
Suppose -190 = -2*q - 34. What are the prime factors of q*(-11)/(-5) - 8/(-20)?
2, 43
Let u be 51/4*8/(-3). Let k = u - -76. What are the prime factors of k?
2, 3, 7
Let b(j) = j**3 - 6*j**2 - 10*j + 12. Let h be b(8). Suppose -p + 5*v + 69 = 0, -p - v = 3*v - h. List the prime factors of p.
2
Let p(b) = 1865*b + 81. List the prime factors of p(2).
37, 103
Let z = -289 + 1777. What are the prime factors of z?
2, 3, 31
List the prime factors of -403*10/40*(0 + -8).
2, 13, 31
Let c(f) = -940*f**2 + 13*f - 13. Let z(t) = 235*t**2 - 3*t + 3. Let v(u) = 2*c(u) + 9*z(u). What are the prime factors of v(-1)?
3, 79
Let h be (-24)/30 - (-48)/10. Suppose 190 = h*d - z, -2*d - 3*d + 242 = z. What are the prime factors of d?
2, 3
Suppose 4*g + y = 25, 5*y = 4*g - 3*g + 20. Suppose 4*k = g*t + 396, 4*t - 362 = -4*k - 2. What are the prime factors of k?
2, 47
Let m be -7 - (-20)/5 - -1. What are the prime factors of (-1)/(12/160)*3*m?
2, 5
Suppose -3*u + 0*u = -15. Let c(g) = 33*g - 45. What are the prime factors of c(u)?
2, 3, 5
Let m = 469 + -788. Let v = m + 448. List the prime factors of v.
3, 43
Let k(w) = 0 + 2*w - 3*w - 9 - 3. Let x be k(-14). Let g(n) = 7*n**2 - n. List the prime factors of g(x).
2, 13
Let s = 59 + 692. What are the prime factors of s?
751
Suppose -6*a + 11*a - 45 = 0. Suppose 0 = 2*n - 37 + a. List the prime factors of 6/n + 1007/133.
2
Suppose -1444 = -48*t + 44*t. What are the prime factors of t?
19
Let w(z) = -z - 4. Let u be w(-4). Suppose 0*g - 3*g + 84 = u. What are the prime factors of g?
2, 7
Let i(m) = m**3 + 35*m**2 + 91*m - 40. List the prime factors of i(-31).
983
Let h be 416 + 7/(35/20). Suppose 4*y - h = 80. List the prime factors of y.
5
Let k(c) = -4*c + 26. Let w be k(6). What are the prime factors of (w - 4) + 4/4 - -104?
103
What are the prime factors of 18*(-8)/(-576) + (-6039)/(-4)?
2, 5, 151
Suppose -3*s = -13 - 5. Let k = 514 + -379. List the prime factors of 4/(-8) + k/s.
2, 11
Let w = 1062 - 335. List the prime factors of w.
727
What are the prime factors of (-36276)/(-45) - (-15)/(1350/(-12))?
2, 13, 31
Suppose 3*w - 9 = 33. Let q be ((-36)/42)/((-3)/w). Suppose 5*i - q*p = 121, 5*i - 6*p = -4*p + 113. What are the prime factors of i?
3, 7
Let i(g) = -g + 14. Let z(m) = 2*m - 28. Let f(q) = 7*i(q) + 3*z(q). Let u be f(6). Suppose 48 - u = 4*t. What are the prime factors of t?
2, 5
What are the prime factors of (0 - -6) + 3 + (345 - -3)?
3, 7, 17
Let a = 2857 + -2024. List the prime factors of a.
7, 17
Suppose 5*n - 34 = -9. Suppose -23 = -n*t + 2*s, s + 9 = 3*t - 5. Suppose 0 = v - t*v + 72. What are the prime factors of v?
2, 3
Let a be (2 - 1/1)*3. Let q = 15 - a. List the prime factors of (-89)/(-4) - 3/q.
2, 11
Suppose -4*c + 11542 = 5*i, -3*i - 3*c + 11544 = 2*i. List the prime factors of i.
2, 3, 5, 7, 11
Let j(v) = 39*v + 91. List the prime factors of j(13).
2, 13, 23
Suppose 0 = 5*n + l - 25, 3*l - 2 = -2*n + 8. Suppose -3*c + 19 = 2*a + 2, n*c = 2*a - 41. What are the prime factors of a?
13
Let x be (-12)/18*6*-1. Suppose 128 = x*t - 60. List the prime factors of t.
47
Let b be (-2)/8 + 104/32. Suppose -b*n + 0*n = -285. Suppose 5*m - n = -0*m + 5*o, 0 = 2*m + o - 53. What are the prime factors of m?
2, 3
Suppose 13*j - 4718 = -j. List the prime factors of j.
337
Let o(d) = -2*d - 5. List the prime factors of o(-4).
3
Let w(d) = -d**3 + 21*d**2 - 21*d + 31. List the prime factors of w(16).
3, 5, 13
Let c = -16 + 18. Suppose 0 = -c*k - 3*k + 5. List the prime factors of 1/(1/51*k).
3, 17
Let w be 63/(-6)*(2 + (-32)/12). Suppose 16*k - w*k = 18. What are the prime factors of k?
2
Let w(d) be the third derivative of d**5/30 + d**4/24 - 19*d**3/3 - 40*d**2. List the prime factors of w(6).
2, 5
Let a(q) = 140*q - 63. List the prime factors of a(8).
7, 151
Suppose 0 = 2*m - 0*m - 3242. What are the prime factors of m?
1621
Suppose -19 = 5*w + 301. Let v = w + 112. List the prime factors of v.
2, 3
Suppose 4*l - 6 = -2*y, 4*l - y - y = 18. Let v be (-50)/(0 - (1 - l)). What are the prime factors of ((-17)/(-5))/((-5)/v)?
17
Let u(v) = -206*v - 19. List the prime factors of u(-18).
7, 17, 31
Let u(s) = s**2 - s + s - 17 - 2*s - 18. What are the prime factors of u(-11)?
2, 3
Let m(k) = 27*k**2 + 7 - 17*k**2 - 4*k - k**3 - k. List the prime factors of m(4).
83
List the prime factors of ((-53406)/(-92))/((-6)/(-8)).
2, 3, 43
Suppose 10*w - 13590 + 4600 = 0. List the prime factors of w.
29, 31
Let x(k) be the second derivative of 2*k**3/3 + 13*k**2 + 17*k. What are the prime factors of x(12)?
2, 37
Let t be 1/2 - 1/2. Let d be 5/1 - t/(-4). Suppose d*n - 4*c - 17 = 4*n, n - 5*c - 19 = 0. List the prime factors of n.
3
Suppose -a = t + 3*a - 24, a + 141 = 5*t. Suppose 4*s = 20 + t. Suppose 14*c - 18*c + s = 0. What are the prime factors of c?
3
Let k be 11/(-55) + (-32)/(-10). Suppose 5*r - 44 = k*r. List the prime factors of r.
2, 11
Suppose -w = -3*d + 860, 6*d - 5*w - 856 = 3*d. What are the prime factors of d?
7, 41
Suppose 4*s = s + 3*u + 216, 0 = -3*u. Let d(b) = 0*b + 77 + 11*b - s. List the prime factors of d(2).
3
Let j(x) = 61*x - 2 + 3 - 92*x. Let l be j(-1). Suppose l - 6 = 2*v. List the prime factors of v.
13
Let q(p) = -p**2 + 15*p - 18. Suppose -35 + 8 = -3*f. What are the prime factors of q(f)?
2, 3
List the prime factors of 2 + 348 + 3 + 4.
3, 7, 17
Let s = -413 + 830. What are the prime factors of s?
3, 139
Suppose -11 = -5*b + 19. Suppose -6 = 3*d - b*d. List the prime factors of d.
2
Let m = 46 - 43. Suppose -107 = -2*f + c, c - 274 = -5*f - m*c. List the prime factors of f.
2, 3
Let a(m) = -4*m - 18. Let f be a(-6). Suppose 0 = -2*i + f, g - 6*g + i = -1582. List the prime factors of g.
317
Let m(g) be the first derivative of 13/3*g**3 - 2 + 13*g - 5*g**2 - 1/4*g**4. What are the prime factors of m(12)?
37
List the prime factors of -1753*(-3)/(9 + -6).
1753
Let n(z) = -z + 11 + 0 - z**2 + z**3 - 2*z**2 - 5*z**2. Let y be n(8). What are the prime factors of -3*((-29)/y - -1)?
2, 13
What are the prime factors of (2371 - -10) + (-3)/(-3)?
2, 3, 397
Let h(b) be the first derivative of b**3/3 + 2*b**2 + 10*b - 11. What are the prime factors of h(-8)?
2, 3, 7
Suppose -4*v + 80 = -3*v. List the prime factors of v.
2, 5
Suppose 0 = 3*x - 7 + 1. Let j(i) = 10*i. Let y be j(x). Suppose c = -0*c + y. What are the prime factors of c?
2, 5
Suppose -10140 = 125*p - 137*p. List the prime factors of p.
5, 13
What are the prime factors of (((-184212)/70)/17)/(3/(-10))?
2, 3, 43
Let t(s) = -s**3 - 6*s**2 - 9*s - 4. Let h be t(-7). Let f = h + -42. What are the prime factors of f?
2, 3, 11
Let f be 941/6 - (-105)/630. Let k = 294 + -171. Suppose -7*t + f = -k. What are the prime factors of t?
2, 5
List the prime factors of (3 - (-399)/(6 + 1)) + 1.
61
Suppose 10 = 3*t - 14. Let g(o) = o**3 - 8*o**2 + 4*o - 8. What are the prime factors of g(t)?
2, 3
Suppose -5 = -i + s, -i + 0*s - 4*s - 5 = 0. Let h be i + -2 + (2 - 2). Let m = 1 + h. What are the prime factors of m?
2
Suppose -4*m + 172 = 5*q, 2*m + 24 + 34 = 2*q. Let i = -29 + q. What are the prime factors of i?
3
Let s(o) = o - 77. Let b be s(0). Let f = 193 + b. What are the prime factors of f?
2, 29
Let g be (-11